{"id":56,"date":"2025-05-19T20:59:05","date_gmt":"2025-05-19T20:59:05","guid":{"rendered":"https:\/\/blog.kj-psychotherapie-saloga.de\/Watson\/gedanken\/"},"modified":"2025-06-30T08:29:39","modified_gmt":"2025-06-30T08:29:39","slug":"gedanken","status":"publish","type":"page","link":"https:\/\/blog.kj-psychotherapie-saloga.de\/Watson\/gedanken\/","title":{"rendered":"Gedanken"},"content":{"rendered":"\n<p>Ich m\u00f6chte mit den Gedanken eines anderen, neurodivergenten Jugendlichen beginnen, der mir vor ungef\u00e4hr 7-8 Jahren folgendes geschrieben hat:<\/p>\n\n\n\n<p>\u201e\u2026<em>und die Welt wird einen drastisch anderen Blickwinkel auf alles bekommen, was wir machen, wie wir denken, f\u00fchlen und arbeiten. Und ich bin mir sicher, dass ich recht behalten werde. Ich glaube auch daran, dass sich in Zukunft f\u00fcr uns alles \u00e4ndern wird. Auch wenn es jetzt vllt noch sehr utopisch erscheint, dass eines Tages die Menschen um uns herum auf uns schauen werden, und keine Krankheit oder St\u00f6rung sehen werden, wird es genau so kommen. &#8230;  <\/em><em>Wenn die Unf\u00e4higkeit inkompetenter, \u201enormaler\u201c Menschen, zu erkennen und divergierende Meinungen zu diskutieren, dazu f\u00fchrt, dass wir uns verunsichern lassen, dann passiert genau das, was all die letzten Jahre passiert ist und dem Fortschritt im Weg steht. Ich w\u00fcrde mich umso mehr in das st\u00fcrzen, was wir genau diesen Leuten hinterlassen k\u00f6nnen. Die Erkenntnisse, Ideen und \u2013 ja \u2013 auch eigene Meinungen. Denn genau das ist, was am Ende z\u00e4hlt.<\/em>\u201c<\/p>\n\n\n\n<p> Wie recht er doch hatte! Inzwischen sind wir dem Konzept der Neuro Diversit\u00e4t sehr viel n\u00e4her gekommen, betrachten, neurodivergente Menschen (zB Autismus, ADHS) nicht mehr als krank oder gest\u00f6rt, sondern als alternativ-normal, d.h. als Menschen mit einer besonderen Disposition.<\/p>\n\n\n\n<figure class=\"wp-block-embed is-type-wp-embed is-provider-psychotherapeutische-praxis-f-r-kinder-und-jugendliche wp-block-embed-psychotherapeutische-praxis-f-r-kinder-und-jugendliche\"><div class=\"wp-block-embed__wrapper\">\n<blockquote class=\"wp-embedded-content\" data-secret=\"nKnuXNrRBt\"><a href=\"https:\/\/praxis.kj-psychotherapie-saloga.de\/die-frage-nach-dem-sinn\/anders-sein-und-das-konzept-der-neurodiversitaet\/\">\u201eAnders-Sein\u201c und das Konzept der Neurodiversit\u00e4t<\/a><\/blockquote><iframe loading=\"lazy\" class=\"wp-embedded-content\" sandbox=\"allow-scripts\" security=\"restricted\" style=\"position: absolute; visibility: hidden;\" title=\"&#8222;\u201eAnders-Sein\u201c und das Konzept der Neurodiversit\u00e4t&#8220; &#8211; Psychotherapeutische Praxis f\u00fcr Kinder und Jugendliche\" src=\"https:\/\/praxis.kj-psychotherapie-saloga.de\/die-frage-nach-dem-sinn\/anders-sein-und-das-konzept-der-neurodiversitaet\/embed\/#?secret=QiYBFEZMxR#?secret=nKnuXNrRBt\" data-secret=\"nKnuXNrRBt\" width=\"600\" height=\"338\" frameborder=\"0\" marginwidth=\"0\" marginheight=\"0\" scrolling=\"no\"><\/iframe>\n<\/div><\/figure>\n\n\n\n<figure class=\"wp-block-image size-full\"><img loading=\"lazy\" decoding=\"async\" width=\"1920\" height=\"1080\" src=\"https:\/\/blog.kj-psychotherapie-saloga.de\/Watson\/wp-content\/uploads\/2025\/06\/Bild-2.jpeg\" alt=\"\" class=\"wp-image-509\" srcset=\"https:\/\/blog.kj-psychotherapie-saloga.de\/Watson\/wp-content\/uploads\/2025\/06\/Bild-2.jpeg 1920w, https:\/\/blog.kj-psychotherapie-saloga.de\/Watson\/wp-content\/uploads\/2025\/06\/Bild-2-300x169.jpeg 300w, https:\/\/blog.kj-psychotherapie-saloga.de\/Watson\/wp-content\/uploads\/2025\/06\/Bild-2-1024x576.jpeg 1024w, https:\/\/blog.kj-psychotherapie-saloga.de\/Watson\/wp-content\/uploads\/2025\/06\/Bild-2-768x432.jpeg 768w, https:\/\/blog.kj-psychotherapie-saloga.de\/Watson\/wp-content\/uploads\/2025\/06\/Bild-2-1536x864.jpeg 1536w\" sizes=\"auto, (max-width: 1920px) 100vw, 1920px\" \/><\/figure>\n","protected":false},"excerpt":{"rendered":"<p>Ich m\u00f6chte mit den Gedanken eines anderen, neurodivergenten Jugendlichen beginnen, der mir vor ungef\u00e4hr 7-8 Jahren folgendes geschrieben hat: \u201e\u2026und die Welt wird einen drastisch anderen Blickwinkel auf alles bekommen, was wir machen, wie wir denken, f\u00fchlen und arbeiten. Und &hellip; <a href=\"https:\/\/blog.kj-psychotherapie-saloga.de\/Watson\/gedanken\/\">Weiterlesen <span class=\"meta-nav\">&rarr;<\/span><\/a><\/p>\n","protected":false},"author":1,"featured_media":0,"parent":0,"menu_order":0,"comment_status":"closed","ping_status":"closed","template":"full-width","meta":{"footnotes":""},"class_list":["post-56","page","type-page","status-publish","hentry"],"jetpack_sharing_enabled":true,"_links":{"self":[{"href":"https:\/\/blog.kj-psychotherapie-saloga.de\/Watson\/wp-json\/wp\/v2\/pages\/56","targetHints":{"allow":["GET"]}}],"collection":[{"href":"https:\/\/blog.kj-psychotherapie-saloga.de\/Watson\/wp-json\/wp\/v2\/pages"}],"about":[{"href":"https:\/\/blog.kj-psychotherapie-saloga.de\/Watson\/wp-json\/wp\/v2\/types\/page"}],"author":[{"embeddable":true,"href":"https:\/\/blog.kj-psychotherapie-saloga.de\/Watson\/wp-json\/wp\/v2\/users\/1"}],"replies":[{"embeddable":true,"href":"https:\/\/blog.kj-psychotherapie-saloga.de\/Watson\/wp-json\/wp\/v2\/comments?post=56"}],"version-history":[{"count":5,"href":"https:\/\/blog.kj-psychotherapie-saloga.de\/Watson\/wp-json\/wp\/v2\/pages\/56\/revisions"}],"predecessor-version":[{"id":510,"href":"https:\/\/blog.kj-psychotherapie-saloga.de\/Watson\/wp-json\/wp\/v2\/pages\/56\/revisions\/510"}],"wp:attachment":[{"href":"https:\/\/blog.kj-psychotherapie-saloga.de\/Watson\/wp-json\/wp\/v2\/media?parent=56"}],"curies":[{"name":"wp","href":"https:\/\/api.w.org\/{rel}","templated":true}]}}

<p>Ich möchte mit den Gedanken eines anderen, neurodivergenten Jugendlichen beginnen, der mir vor ungefähr 7-8 Jahren folgendes geschrieben hat:</p>



<p>„…<em>und die Welt wird einen drastisch anderen Blickwinkel auf alles bekommen, was wir machen, wie wir denken, fühlen und arbeiten. Und ich bin mir sicher, dass ich recht behalten werde. Ich glaube auch daran, dass sich in Zukunft für uns alles ändern wird. Auch wenn es jetzt vllt noch sehr utopisch erscheint, dass eines Tages die Menschen um uns herum auf uns schauen werden, und keine Krankheit oder Störung sehen werden, wird es genau so kommen. &#8230;  </em><em>Wenn die Unfähigkeit inkompetenter, „normaler“ Menschen, zu erkennen und divergierende Meinungen zu diskutieren, dazu führt, dass wir uns verunsichern lassen, dann passiert genau das, was all die letzten Jahre passiert ist und dem Fortschritt im Weg steht. Ich würde mich umso mehr in das stürzen, was wir genau diesen Leuten hinterlassen können. Die Erkenntnisse, Ideen und – ja – auch eigene Meinungen. Denn genau das ist, was am Ende zählt.</em>“</p>



<p> Wie recht er doch hatte! Inzwischen sind wir dem Konzept der Neuro Diversität sehr viel näher gekommen, betrachten, neurodivergente Menschen (zB Autismus, ADHS) nicht mehr als krank oder gestört, sondern als alternativ-normal, d.h. als Menschen mit einer besonderen Disposition.</p>



<figure class="wp-block-embed is-type-wp-embed is-provider-psychotherapeutische-praxis-f-r-kinder-und-jugendliche wp-block-embed-psychotherapeutische-praxis-f-r-kinder-und-jugendliche"><div class="wp-block-embed__wrapper">
<blockquote class="wp-embedded-content" data-secret="nKnuXNrRBt"><a href="https://praxis.kj-psychotherapie-saloga.de/die-frage-nach-dem-sinn/anders-sein-und-das-konzept-der-neurodiversitaet/">„Anders-Sein“ und das Konzept der Neurodiversität</a></blockquote><iframe loading="lazy" class="wp-embedded-content" sandbox="allow-scripts" security="restricted" style="position: absolute; visibility: hidden;" title="&#8222;„Anders-Sein“ und das Konzept der Neurodiversität&#8220; &#8211; Psychotherapeutische Praxis für Kinder und Jugendliche" src="https://praxis.kj-psychotherapie-saloga.de/die-frage-nach-dem-sinn/anders-sein-und-das-konzept-der-neurodiversitaet/embed/#?secret=QiYBFEZMxR#?secret=nKnuXNrRBt" data-secret="nKnuXNrRBt" width="600" height="338" frameborder="0" marginwidth="0" marginheight="0" scrolling="no"></iframe>
</div></figure>



<figure class="wp-block-image size-full"><img loading="lazy" decoding="async" width="1920" height="1080" src="https://blog.kj-psychotherapie-saloga.de/Watson/wp-content/uploads/2025/06/Bild-2.jpeg" alt="" class="wp-image-509" srcset="https://blog.kj-psychotherapie-saloga.de/Watson/wp-content/uploads/2025/06/Bild-2.jpeg 1920w, https://blog.kj-psychotherapie-saloga.de/Watson/wp-content/uploads/2025/06/Bild-2-300x169.jpeg 300w, https://blog.kj-psychotherapie-saloga.de/Watson/wp-content/uploads/2025/06/Bild-2-1024x576.jpeg 1024w, https://blog.kj-psychotherapie-saloga.de/Watson/wp-content/uploads/2025/06/Bild-2-768x432.jpeg 768w, https://blog.kj-psychotherapie-saloga.de/Watson/wp-content/uploads/2025/06/Bild-2-1536x864.jpeg 1536w" sizes="auto, (max-width: 1920px) 100vw, 1920px" /></figure>

<p>Ich möchte mit den Gedanken eines anderen, neurodivergenten Jugendlichen beginnen, der mir vor ungefähr 7-8 Jahren folgendes geschrieben hat: „…und die Welt wird einen drastisch anderen Blickwinkel auf alles bekommen, was wir machen, wie wir denken, fühlen und arbeiten. Und &hellip; <a href="https://blog.kj-psychotherapie-saloga.de/Watson/gedanken/">Weiterlesen <span class="meta-nav">&rarr;</span></a></p>
